[INFO] cloning repository https://github.com/auyang-0626/learn-db
[INFO] running `Command { std: "git" "-c" "credential.helper=" "-c" "credential.helper=/workspace/cargo-home/bin/git-credential-null" "clone" "--bare" "https://github.com/auyang-0626/learn-db" "/workspace/cache/git-repos/https%3A%2F%2Fgithub.com%2Fauyang-0626%2Flearn-db", kill_on_drop: false }`
[INFO] [stderr] Cloning into bare repository '/workspace/cache/git-repos/https%3A%2F%2Fgithub.com%2Fauyang-0626%2Flearn-db'...
[INFO] running `Command { std: "git" "rev-parse" "HEAD", kill_on_drop: false }`
[INFO] [stdout] 45c372f372db20b826232d1bac064440576d678e
[INFO] checking auyang-0626/learn-db against master#9610dfe5a9a731ced1ea4923ecbd0c57fe367898 for beta-170-4
[INFO] running `Command { std: "git" "clone" "/workspace/cache/git-repos/https%3A%2F%2Fgithub.com%2Fauyang-0626%2Flearn-db" "/workspace/builds/worker-2-tc1/source", kill_on_drop: false }`
[INFO] [stderr] Cloning into '/workspace/builds/worker-2-tc1/source'...
[INFO] [stderr] done.
[INFO] validating manifest of git repo https://github.com/auyang-0626/learn-db on toolchain 9610dfe5a9a731ced1ea4923ecbd0c57fe367898
[INFO] running `Command { std: CARGO_HOME="/workspace/cargo-home" RUSTUP_HOME="/workspace/rustup-home" "/workspace/cargo-home/bin/cargo" "+9610dfe5a9a731ced1ea4923ecbd0c57fe367898" "metadata" "--manifest-path" "Cargo.toml" "--no-deps", kill_on_drop: false }`
[INFO] started tweaking git repo https://github.com/auyang-0626/learn-db
[INFO] finished tweaking git repo https://github.com/auyang-0626/learn-db
[INFO] tweaked toml for git repo https://github.com/auyang-0626/learn-db written to /workspace/builds/worker-2-tc1/source/Cargo.toml
[INFO] crate git repo https://github.com/auyang-0626/learn-db already has a lockfile, it will not be regenerated
[INFO] running `Command { std: CARGO_HOME="/workspace/cargo-home" RUSTUP_HOME="/workspace/rustup-home" "/workspace/cargo-home/bin/cargo" "+9610dfe5a9a731ced1ea4923ecbd0c57fe367898" "fetch" "--manifest-path" "Cargo.toml", kill_on_drop: false }`
[INFO] [stderr]  Downloading crates ...
[INFO] [stderr]   Downloaded chrono v0.4.21
[INFO] [stderr]   Downloaded anyhow v1.0.61
[INFO] [stderr]   Downloaded log4rs v1.1.1
[INFO] running `Command { std: "docker" "create" "-v" "/var/lib/crater-agent-workspace/builds/worker-2-tc1/target:/opt/rustwide/target:rw,Z" "-v" "/var/lib/crater-agent-workspace/builds/worker-2-tc1/source:/opt/rustwide/workdir:ro,Z" "-v" "/var/lib/crater-agent-workspace/cargo-home:/opt/rustwide/cargo-home:ro,Z" "-v" "/var/lib/crater-agent-workspace/rustup-home:/opt/rustwide/rustup-home:ro,Z" "-e" "SOURCE_DIR=/opt/rustwide/workdir" "-e" "CARGO_TARGET_DIR=/opt/rustwide/target" "-e" "CARGO_HOME=/opt/rustwide/cargo-home" "-e" "RUSTUP_HOME=/opt/rustwide/rustup-home" "-w" "/opt/rustwide/workdir" "-m" "1610612736" "--user" "0:0" "--network" "none" "ghcr.io/rust-lang/crates-build-env/linux@sha256:19e73879b68f455e41552ea35293514db52ea292d993f571636dbffedb77a1ee" "/opt/rustwide/cargo-home/bin/cargo" "+9610dfe5a9a731ced1ea4923ecbd0c57fe367898" "metadata" "--no-deps" "--format-version=1", kill_on_drop: false }`
[INFO] [stdout] ccc5864536e6bcecc256871d0655ad5015315c761296ac44a704d4d4b41c4ad0
[INFO] running `Command { std: "docker" "start" "-a" "ccc5864536e6bcecc256871d0655ad5015315c761296ac44a704d4d4b41c4ad0", kill_on_drop: false }`
[INFO] running `Command { std: "docker" "inspect" "ccc5864536e6bcecc256871d0655ad5015315c761296ac44a704d4d4b41c4ad0", kill_on_drop: false }`
[INFO] running `Command { std: "docker" "rm" "-f" "ccc5864536e6bcecc256871d0655ad5015315c761296ac44a704d4d4b41c4ad0", kill_on_drop: false }`
[INFO] [stdout] ccc5864536e6bcecc256871d0655ad5015315c761296ac44a704d4d4b41c4ad0
[INFO] running `Command { std: "docker" "create" "-v" "/var/lib/crater-agent-workspace/builds/worker-2-tc1/target:/opt/rustwide/target:rw,Z" "-v" "/var/lib/crater-agent-workspace/builds/worker-2-tc1/source:/opt/rustwide/workdir:ro,Z" "-v" "/var/lib/crater-agent-workspace/cargo-home:/opt/rustwide/cargo-home:ro,Z" "-v" "/var/lib/crater-agent-workspace/rustup-home:/opt/rustwide/rustup-home:ro,Z" "-e" "SOURCE_DIR=/opt/rustwide/workdir" "-e" "CARGO_TARGET_DIR=/opt/rustwide/target" "-e" "CARGO_INCREMENTAL=0" "-e" "RUST_BACKTRACE=full" "-e" "RUSTFLAGS=--cap-lints=forbid" "-e" "RUSTDOCFLAGS=--cap-lints=forbid" "-e" "CARGO_HOME=/opt/rustwide/cargo-home" "-e" "RUSTUP_HOME=/opt/rustwide/rustup-home" "-w" "/opt/rustwide/workdir" "-m" "1610612736" "--user" "0:0" "--network" "none" "ghcr.io/rust-lang/crates-build-env/linux@sha256:19e73879b68f455e41552ea35293514db52ea292d993f571636dbffedb77a1ee" "/opt/rustwide/cargo-home/bin/cargo" "+9610dfe5a9a731ced1ea4923ecbd0c57fe367898" "check" "--frozen" "--all" "--all-targets" "--message-format=json", kill_on_drop: false }`
[INFO] [stdout] e4b80b7a935dfbb0dddef6fa4ce2f28efd76b92f3710e6093429ca080d816149
[INFO] running `Command { std: "docker" "start" "-a" "e4b80b7a935dfbb0dddef6fa4ce2f28efd76b92f3710e6093429ca080d816149", kill_on_drop: false }`
[INFO] [stderr]    Compiling libc v0.2.131
[INFO] [stderr]    Compiling proc-macro2 v1.0.43
[INFO] [stderr]    Compiling unicode-ident v1.0.3
[INFO] [stderr]    Compiling quote v1.0.21
[INFO] [stderr]    Compiling syn v1.0.99
[INFO] [stderr]    Compiling serde_derive v1.0.143
[INFO] [stderr]    Compiling serde v1.0.143
[INFO] [stderr]    Compiling log v0.4.17
[INFO] [stderr]    Compiling lock_api v0.4.9
[INFO] [stderr]    Compiling futures-core v0.3.23
[INFO] [stderr]     Checking smallvec v1.9.0
[INFO] [stderr]     Checking once_cell v1.15.0
[INFO] [stderr]     Checking bytes v1.2.1
[INFO] [stderr]     Checking itoa v1.0.3
[INFO] [stderr]    Compiling tokio v1.20.1
[INFO] [stderr]    Compiling typenum v1.15.0
[INFO] [stderr]    Compiling generic-array v0.14.6
[INFO] [stderr]    Compiling futures-task v0.3.23
[INFO] [stderr]     Checking tracing-core v0.1.29
[INFO] [stderr]    Compiling indexmap v1.9.1
[INFO] [stderr]    Compiling num-traits v0.2.15
[INFO] [stderr]     Checking parking_lot_core v0.9.3
[INFO] [stderr]     Checking signal-hook-registry v1.4.0
[INFO] [stderr]     Checking socket2 v0.4.4
[INFO] [stderr]    Compiling jobserver v0.1.24
[INFO] [stderr]     Checking num_cpus v1.13.1
[INFO] [stderr]     Checking parking_lot v0.12.1
[INFO] [stderr]     Checking hashbrown v0.12.3
[INFO] [stderr]    Compiling futures-util v0.3.23
[INFO] [stderr]    Compiling cc v1.0.73
[INFO] [stderr]     Checking getrandom v0.2.7
[INFO] [stderr]     Checking futures-sink v0.3.23
[INFO] [stderr]    Compiling memchr v2.5.0
[INFO] [stderr]    Compiling slab v0.4.7
[INFO] [stderr]     Checking alloc-no-stdlib v2.0.3
[INFO] [stderr]    Compiling crc32fast v1.3.2
[INFO] [stderr]    Compiling zstd-safe v5.0.2+zstd.1.5.2
[INFO] [stderr]     Checking local-waker v0.1.3
[INFO] [stderr]     Checking ryu v1.0.11
[INFO] [stderr]    Compiling aho-corasick v0.7.18
[INFO] [stderr]     Checking alloc-stdlib v0.2.1
[INFO] [stderr]     Checking crypto-common v0.1.6
[INFO] [stderr]    Compiling zstd-sys v2.0.1+zstd.1.5.2
[INFO] [stderr]     Checking block-buffer v0.10.2
[INFO] [stderr]     Checking http v0.2.8
[INFO] [stderr]     Checking rand_core v0.6.3
[INFO] [stderr]    Compiling ahash v0.7.6
[INFO] [stderr]    Compiling num-integer v0.1.45
[INFO] [stderr]    Compiling serde_json v1.0.83
[INFO] [stderr]     Checking ppv-lite86 v0.2.16
[INFO] [stderr]    Compiling encoding_rs v0.8.31
[INFO] [stderr]    Compiling fnv v1.0.7
[INFO] [stderr]    Compiling regex-syntax v0.6.27
[INFO] [stderr]    Compiling paste v1.0.8
[INFO] [stderr]     Checking rand_chacha v0.3.1
[INFO] [stderr]     Checking miniz_oxide v0.5.3
[INFO] [stderr]     Checking digest v0.10.3
[INFO] [stderr]     Checking brotli-decompressor v2.3.2
[INFO] [stderr]    Compiling bytestring v1.1.0
[INFO] [stderr]     Checking unicode-normalization v0.1.21
[INFO] [stderr]     Checking actix-service v2.0.2
[INFO] [stderr]     Checking actix-utils v3.0.0
[INFO] [stderr]    Compiling cookie v0.16.0
[INFO] [stderr]     Checking num_threads v0.1.6
[INFO] [stderr]     Checking linked-hash-map v0.5.6
[INFO] [stderr]    Compiling convert_case v0.4.0
[INFO] [stderr]     Checking traitobject v0.1.0
[INFO] [stderr]    Compiling firestorm v0.5.1
[INFO] [stderr]    Compiling anyhow v1.0.61
[INFO] [stderr]     Checking cpufeatures v0.2.2
[INFO] [stderr]    Compiling time-macros v0.2.4
[INFO] [stderr]     Checking brotli v3.3.4
[INFO] [stderr]     Checking sha1 v0.10.1
[INFO] [stderr]     Checking idna v0.2.3
[INFO] [stderr]     Checking unsafe-any v0.4.2
[INFO] [stderr]     Checking yaml-rust v0.4.5
[INFO] [stderr]    Compiling regex v1.6.0
[INFO] [stderr]     Checking flate2 v1.0.24
[INFO] [stderr]     Checking local-channel v0.1.3
[INFO] [stderr]     Checking rand v0.8.5
[INFO] [stderr]     Checking time v0.3.13
[INFO] [stderr]     Checking ordered-float v2.10.0
[INFO] [stderr]     Checking time v0.1.44
[INFO] [stderr]    Compiling actix-router v0.5.0
[INFO] [stderr]     Checking httpdate v1.0.2
[INFO] [stderr]     Checking iana-time-zone v0.1.44
[INFO] [stderr]     Checking base64 v0.13.0
[INFO] [stderr]     Checking language-tags v0.3.2
[INFO] [stderr]     Checking mime v0.3.16
[INFO] [stderr]     Checking chrono v0.4.21
[INFO] [stderr]     Checking url v2.2.2
[INFO] [stderr]     Checking typemap v0.3.3
[INFO] [stderr]     Checking thread-id v4.0.0
[INFO] [stderr]     Checking arc-swap v1.5.1
[INFO] [stderr]     Checking log-mdc v0.1.0
[INFO] [stderr]     Checking humantime v2.1.0
[INFO] [stderr]     Checking dashmap v5.4.0
[INFO] [stderr]    Compiling tokio-macros v1.8.0
[INFO] [stderr]    Compiling thiserror-impl v1.0.32
[INFO] [stderr]    Compiling derive_more v0.99.17
[INFO] [stderr]    Compiling actix-web-codegen v4.0.1
[INFO] [stderr]    Compiling actix-macros v0.2.3
[INFO] [stderr]    Compiling derivative v2.2.0
[INFO] [stderr]     Checking thiserror v1.0.32
[INFO] [stderr]     Checking mio v0.8.4
[INFO] [stderr]     Checking tracing v0.1.36
[INFO] [stderr]     Checking serde_yaml v0.8.26
[INFO] [stderr]     Checking serde_urlencoded v0.7.1
[INFO] [stderr]     Checking serde-value v0.7.0
[INFO] [stderr]     Checking log4rs v1.1.1
[INFO] [stderr]     Checking tokio-util v0.7.3
[INFO] [stderr]     Checking actix-rt v2.7.0
[INFO] [stderr]     Checking actix-server v2.1.1
[INFO] [stderr]     Checking actix-codec v0.5.0
[INFO] [stderr]     Checking h2 v0.3.13
[INFO] [stderr]     Checking zstd v0.11.2+zstd.1.5.2
[INFO] [stderr]     Checking actix-http v3.2.1
[INFO] [stderr]     Checking actix-web v4.1.0
[INFO] [stderr]     Checking learn-db v0.1.0 (/opt/rustwide/workdir)
[INFO] [stdout] warning: unused import: `crate::index::DataPosition`
[INFO] [stdout]   --> src/main.rs:13:5
[INFO] [stdout]    |
[INFO] [stdout] 13 | use crate::index::DataPosition;
[INFO] [stdout]    |     ^^^^^^^^^^^^^^^^^^^^^^^^^^
[INFO] [stdout]    |
[INFO] [stdout]    = note: `#[warn(unused_imports)]` on by default
[INFO] [stdout] 
[INFO] [stdout] 
[INFO] [stdout] warning: unused import: `crate::index::dynamic_index::DynamicParallelIndexWrapper`
[INFO] [stdout]   --> src/main.rs:14:5
[INFO] [stdout]    |
[INFO] [stdout] 14 | use crate::index::dynamic_index::DynamicParallelIndexWrapper;
[INFO] [stdout]    |     ^^^^^^^^^^^^^^^^^^^^^^^^^^^^^^^^^^^^^^^^^^^^^^^^^^^^^^^^
[INFO] [stdout] 
[INFO] [stdout] 
[INFO] [stdout] warning: unused import: `crate::http_param::DataItem`
[INFO] [stdout]  --> src/custom_err.rs:3:5
[INFO] [stdout]   |
[INFO] [stdout] 3 | use crate::http_param::DataItem;
[INFO] [stdout]   |     ^^^^^^^^^^^^^^^^^^^^^^^^^^^
[INFO] [stdout] 
[INFO] [stdout] 
[INFO] [stdout] warning: unused import: `std::collections::hash_map::RandomState`
[INFO] [stdout]  --> src/store/mod.rs:1:5
[INFO] [stdout]   |
[INFO] [stdout] 1 | use std::collections::hash_map::RandomState;
[INFO] [stdout]   |     ^^^^^^^^^^^^^^^^^^^^^^^^^^^^^^^^^^^^^^^
[INFO] [stdout] 
[INFO] [stdout] 
[INFO] [stdout] warning: unused import: `std::num::ParseIntError`
[INFO] [stdout]  --> src/store/mod.rs:2:5
[INFO] [stdout]   |
[INFO] [stdout] 2 | use std::num::ParseIntError;
[INFO] [stdout]   |     ^^^^^^^^^^^^^^^^^^^^^^^
[INFO] [stdout] 
[INFO] [stdout] 
[INFO] [stdout] warning: unused import: `dashmap::mapref::one::Ref`
[INFO] [stdout]  --> src/store/mod.rs:7:5
[INFO] [stdout]   |
[INFO] [stdout] 7 | use dashmap::mapref::one::Ref;
[INFO] [stdout]   |     ^^^^^^^^^^^^^^^^^^^^^^^^^
[INFO] [stdout] 
[INFO] [stdout] 
[INFO] [stdout] warning: unused import: `crate::http_param::DataItem`
[INFO] [stdout]   --> src/store/data_manager.rs:13:5
[INFO] [stdout]    |
[INFO] [stdout] 13 | use crate::http_param::DataItem;
[INFO] [stdout]    |     ^^^^^^^^^^^^^^^^^^^^^^^^^^^
[INFO] [stdout] 
[INFO] [stdout] 
[INFO] [stdout] warning: unused import: `std::collections::HashMap`
[INFO] [stdout]  --> src/store/compression_task.rs:1:5
[INFO] [stdout]   |
[INFO] [stdout] 1 | use std::collections::HashMap;
[INFO] [stdout]   |     ^^^^^^^^^^^^^^^^^^^^^^^^^
[INFO] [stdout] 
[INFO] [stdout] 
[INFO] [stdout] warning: unused import: `DirEntry`
[INFO] [stdout]  --> src/store/compression_task.rs:2:15
[INFO] [stdout]   |
[INFO] [stdout] 2 | use std::fs::{DirEntry, read_dir};
[INFO] [stdout]   |               ^^^^^^^^
[INFO] [stdout] 
[INFO] [stdout] 
[INFO] [stdout] warning: unused import: `CustomError`
[INFO] [stdout]   --> src/store/compression_task.rs:11:37
[INFO] [stdout]    |
[INFO] [stdout] 11 | use crate::custom_err::{common_err, CustomError, CustomResult};
[INFO] [stdout]    |                                     ^^^^^^^^^^^
[INFO] [stdout] 
[INFO] [stdout] 
[INFO] [stdout] warning: unused imports: `get_tmp_index_file_name`, `read_by_dp`
[INFO] [stdout]   --> src/store/compression_task.rs:13:83
[INFO] [stdout]    |
[INFO] [stdout] 13 | use crate::store::{get_file_id_from_path, get_index_file_name, get_log_file_name, get_tmp_index_file_name, is_log_file, read_by_dp, read_...
[INFO] [stdout]    |                                                                                   ^^^^^^^^^^^^^^^^^^^^^^^               ^^^^^^^^^^
[INFO] [stdout] 
[INFO] [stdout] 
[INFO] [stdout] warning: unused import: `crate::index::DataPosition`
[INFO] [stdout]   --> src/main.rs:13:5
[INFO] [stdout]    |
[INFO] [stdout] 13 | use crate::index::DataPosition;
[INFO] [stdout]    |     ^^^^^^^^^^^^^^^^^^^^^^^^^^
[INFO] [stdout]    |
[INFO] [stdout]    = note: `#[warn(unused_imports)]` on by default
[INFO] [stdout] 
[INFO] [stdout] 
[INFO] [stdout] warning: unused import: `crate::index::dynamic_index::DynamicParallelIndexWrapper`
[INFO] [stdout]   --> src/main.rs:14:5
[INFO] [stdout]    |
[INFO] [stdout] 14 | use crate::index::dynamic_index::DynamicParallelIndexWrapper;
[INFO] [stdout]    |     ^^^^^^^^^^^^^^^^^^^^^^^^^^^^^^^^^^^^^^^^^^^^^^^^^^^^^^^^
[INFO] [stdout] 
[INFO] [stdout] 
[INFO] [stdout] warning: unused import: `crate::http_param::DataItem`
[INFO] [stdout]  --> src/custom_err.rs:3:5
[INFO] [stdout]   |
[INFO] [stdout] 3 | use crate::http_param::DataItem;
[INFO] [stdout]   |     ^^^^^^^^^^^^^^^^^^^^^^^^^^^
[INFO] [stdout] 
[INFO] [stdout] 
[INFO] [stdout] warning: unused import: `std::collections::hash_map::RandomState`
[INFO] [stdout]  --> src/store/mod.rs:1:5
[INFO] [stdout]   |
[INFO] [stdout] 1 | use std::collections::hash_map::RandomState;
[INFO] [stdout]   |     ^^^^^^^^^^^^^^^^^^^^^^^^^^^^^^^^^^^^^^^
[INFO] [stdout] 
[INFO] [stdout] 
[INFO] [stdout] warning: unused import: `std::num::ParseIntError`
[INFO] [stdout]  --> src/store/mod.rs:2:5
[INFO] [stdout]   |
[INFO] [stdout] 2 | use std::num::ParseIntError;
[INFO] [stdout]   |     ^^^^^^^^^^^^^^^^^^^^^^^
[INFO] [stdout] 
[INFO] [stdout] 
[INFO] [stdout] warning: unused import: `dashmap::mapref::one::Ref`
[INFO] [stdout]  --> src/store/mod.rs:7:5
[INFO] [stdout]   |
[INFO] [stdout] 7 | use dashmap::mapref::one::Ref;
[INFO] [stdout]   |     ^^^^^^^^^^^^^^^^^^^^^^^^^
[INFO] [stdout] 
[INFO] [stdout] 
[INFO] [stdout] warning: unused import: `crate::http_param::DataItem`
[INFO] [stdout]   --> src/store/data_manager.rs:13:5
[INFO] [stdout]    |
[INFO] [stdout] 13 | use crate::http_param::DataItem;
[INFO] [stdout]    |     ^^^^^^^^^^^^^^^^^^^^^^^^^^^
[INFO] [stdout] 
[INFO] [stdout] 
[INFO] [stdout] warning: unused import: `std::collections::HashMap`
[INFO] [stdout]  --> src/store/compression_task.rs:1:5
[INFO] [stdout]   |
[INFO] [stdout] 1 | use std::collections::HashMap;
[INFO] [stdout]   |     ^^^^^^^^^^^^^^^^^^^^^^^^^
[INFO] [stdout] 
[INFO] [stdout] 
[INFO] [stdout] warning: unused import: `DirEntry`
[INFO] [stdout]  --> src/store/compression_task.rs:2:15
[INFO] [stdout]   |
[INFO] [stdout] 2 | use std::fs::{DirEntry, read_dir};
[INFO] [stdout]   |               ^^^^^^^^
[INFO] [stdout] 
[INFO] [stdout] 
[INFO] [stdout] warning: unused import: `CustomError`
[INFO] [stdout]   --> src/store/compression_task.rs:11:37
[INFO] [stdout]    |
[INFO] [stdout] 11 | use crate::custom_err::{common_err, CustomError, CustomResult};
[INFO] [stdout]    |                                     ^^^^^^^^^^^
[INFO] [stdout] 
[INFO] [stdout] 
[INFO] [stdout] warning: unused imports: `get_tmp_index_file_name`, `read_by_dp`
[INFO] [stdout]   --> src/store/compression_task.rs:13:83
[INFO] [stdout]    |
[INFO] [stdout] 13 | use crate::store::{get_file_id_from_path, get_index_file_name, get_log_file_name, get_tmp_index_file_name, is_log_file, read_by_dp, read_...
[INFO] [stdout]    |                                                                                   ^^^^^^^^^^^^^^^^^^^^^^^               ^^^^^^^^^^
[INFO] [stdout] 
[INFO] [stdout] 
[INFO] [stdout] warning: variable does not need to be mutable
[INFO] [stdout]   --> src/store/data_manager.rs:37:20
[INFO] [stdout]    |
[INFO] [stdout] 37 |         let (send, mut recv) = mpsc::channel(10000);
[INFO] [stdout]    |                    ----^^^^
[INFO] [stdout]    |                    |
[INFO] [stdout]    |                    help: remove this `mut`
[INFO] [stdout]    |
[INFO] [stdout]    = note: `#[warn(unused_mut)]` on by default
[INFO] [stdout] 
[INFO] [stdout] 
[INFO] [stdout] warning: variable does not need to be mutable
[INFO] [stdout]   --> src/store/data_manager.rs:37:20
[INFO] [stdout]    |
[INFO] [stdout] 37 |         let (send, mut recv) = mpsc::channel(10000);
[INFO] [stdout]    |                    ----^^^^
[INFO] [stdout]    |                    |
[INFO] [stdout]    |                    help: remove this `mut`
[INFO] [stdout]    |
[INFO] [stdout]    = note: `#[warn(unused_mut)]` on by default
[INFO] [stdout] 
[INFO] [stdout] 
[INFO] [stdout] error[E0061]: this function takes 2 arguments but 3 arguments were supplied
[INFO] [stdout]    --> src/index/linked_hash_set.rs:104:43
[INFO] [stdout]     |
[INFO] [stdout] 104 |         hash_set.push(&String::from("1"), DataPosition::new(1, 2, 3));
[INFO] [stdout]     |                                           ^^^^^^^^^^^^^^^^^     ---
[INFO] [stdout]     |                                                                 | |
[INFO] [stdout]     |                                                                 | unexpected argument of type `{integer}`
[INFO] [stdout]     |                                                                 help: remove the extra argument
[INFO] [stdout]     |
[INFO] [stdout] note: associated function defined here
[INFO] [stdout]    --> src/index/mod.rs:17:12
[INFO] [stdout]     |
[INFO] [stdout] 17  |     pub fn new(file_id: u32, offset: u32) -> Self {
[INFO] [stdout]     |            ^^^ ------------  -----------
[INFO] [stdout] 
[INFO] [stdout] 
[INFO] [stdout] error[E0061]: this function takes 2 arguments but 3 arguments were supplied
[INFO] [stdout]    --> src/index/linked_hash_set.rs:105:43
[INFO] [stdout]     |
[INFO] [stdout] 105 |         hash_set.push(&String::from("2"), DataPosition::new(1, 2, 3));
[INFO] [stdout]     |                                           ^^^^^^^^^^^^^^^^^     ---
[INFO] [stdout]     |                                                                 | |
[INFO] [stdout]     |                                                                 | unexpected argument of type `{integer}`
[INFO] [stdout]     |                                                                 help: remove the extra argument
[INFO] [stdout]     |
[INFO] [stdout] note: associated function defined here
[INFO] [stdout]    --> src/index/mod.rs:17:12
[INFO] [stdout]     |
[INFO] [stdout] 17  |     pub fn new(file_id: u32, offset: u32) -> Self {
[INFO] [stdout]     |            ^^^ ------------  -----------
[INFO] [stdout] 
[INFO] [stdout] 
[INFO] [stdout] error[E0061]: this function takes 2 arguments but 3 arguments were supplied
[INFO] [stdout]    --> src/index/linked_hash_set.rs:106:43
[INFO] [stdout]     |
[INFO] [stdout] 106 |         hash_set.push(&String::from("1"), DataPosition::new(1, 3, 3));
[INFO] [stdout]     |                                           ^^^^^^^^^^^^^^^^^     ---
[INFO] [stdout]     |                                                                 | |
[INFO] [stdout]     |                                                                 | unexpected argument of type `{integer}`
[INFO] [stdout]     |                                                                 help: remove the extra argument
[INFO] [stdout]     |
[INFO] [stdout] note: associated function defined here
[INFO] [stdout]    --> src/index/mod.rs:17:12
[INFO] [stdout]     |
[INFO] [stdout] 17  |     pub fn new(file_id: u32, offset: u32) -> Self {
[INFO] [stdout]     |            ^^^ ------------  -----------
[INFO] [stdout] 
[INFO] [stdout] 
[INFO] [stdout] error[E0061]: this function takes 2 arguments but 3 arguments were supplied
[INFO] [stdout]    --> src/index/linked_hash_set.rs:107:43
[INFO] [stdout]     |
[INFO] [stdout] 107 |         hash_set.push(&String::from("3"), DataPosition::new(1, 2, 3));
[INFO] [stdout]     |                                           ^^^^^^^^^^^^^^^^^     ---
[INFO] [stdout]     |                                                                 | |
[INFO] [stdout]     |                                                                 | unexpected argument of type `{integer}`
[INFO] [stdout]     |                                                                 help: remove the extra argument
[INFO] [stdout]     |
[INFO] [stdout] note: associated function defined here
[INFO] [stdout]    --> src/index/mod.rs:17:12
[INFO] [stdout]     |
[INFO] [stdout] 17  |     pub fn new(file_id: u32, offset: u32) -> Self {
[INFO] [stdout]     |            ^^^ ------------  -----------
[INFO] [stdout] 
[INFO] [stdout] 
[INFO] [stdout] error[E0061]: this function takes 2 arguments but 3 arguments were supplied
[INFO] [stdout]    --> src/index/linked_hash_set.rs:108:60
[INFO] [stdout]     |
[INFO] [stdout] 108 |         assert_eq!(hash_set.find(&String::from("1")), Some(DataPosition::new(1, 3, 3)));
[INFO] [stdout]     |                                                            ^^^^^^^^^^^^^^^^^     ---
[INFO] [stdout]     |                                                                                  | |
[INFO] [stdout]     |                                                                                  | unexpected argument of type `{integer}`
[INFO] [stdout]     |                                                                                  help: remove the extra argument
[INFO] [stdout]     |
[INFO] [stdout] note: associated function defined here
[INFO] [stdout]    --> src/index/mod.rs:17:12
[INFO] [stdout]     |
[INFO] [stdout] 17  |     pub fn new(file_id: u32, offset: u32) -> Self {
[INFO] [stdout]     |            ^^^ ------------  -----------
[INFO] [stdout] 
[INFO] [stdout] 
[INFO] [stdout] error[E0061]: this function takes 2 arguments but 3 arguments were supplied
[INFO] [stdout]    --> src/index/parallel_index.rs:100:55
[INFO] [stdout]     |
[INFO] [stdout] 100 |             assert_eq!(index.push(&String::from("1"), DataPosition::new(1, 1, 1)).await, true);
[INFO] [stdout]     |                                                       ^^^^^^^^^^^^^^^^^     ---
[INFO] [stdout]     |                                                                             | |
[INFO] [stdout]     |                                                                             | unexpected argument of type `{integer}`
[INFO] [stdout]     |                                                                             help: remove the extra argument
[INFO] [stdout]     |
[INFO] [stdout] note: associated function defined here
[INFO] [stdout]    --> src/index/mod.rs:17:12
[INFO] [stdout]     |
[INFO] [stdout] 17  |     pub fn new(file_id: u32, offset: u32) -> Self {
[INFO] [stdout]     |            ^^^ ------------  -----------
[INFO] [stdout] 
[INFO] [stdout] 
[INFO] [stdout] error[E0061]: this function takes 2 arguments but 3 arguments were supplied
[INFO] [stdout]    --> src/index/parallel_index.rs:101:55
[INFO] [stdout]     |
[INFO] [stdout] 101 |             assert_eq!(index.push(&String::from("2"), DataPosition::new(2, 2, 2)).await, true);
[INFO] [stdout]     |                                                       ^^^^^^^^^^^^^^^^^     ---
[INFO] [stdout]     |                                                                             | |
[INFO] [stdout]     |                                                                             | unexpected argument of type `{integer}`
[INFO] [stdout]     |                                                                             help: remove the extra argument
[INFO] [stdout]     |
[INFO] [stdout] note: associated function defined here
[INFO] [stdout]    --> src/index/mod.rs:17:12
[INFO] [stdout]     |
[INFO] [stdout] 17  |     pub fn new(file_id: u32, offset: u32) -> Self {
[INFO] [stdout]     |            ^^^ ------------  -----------
[INFO] [stdout] 
[INFO] [stdout] 
[INFO] [stdout] error[E0061]: this function takes 2 arguments but 3 arguments were supplied
[INFO] [stdout]    --> src/index/parallel_index.rs:102:55
[INFO] [stdout]     |
[INFO] [stdout] 102 |             assert_eq!(index.push(&String::from("1"), DataPosition::new(3, 3, 3)).await, true);
[INFO] [stdout]     |                                                       ^^^^^^^^^^^^^^^^^     ---
[INFO] [stdout]     |                                                                             | |
[INFO] [stdout]     |                                                                             | unexpected argument of type `{integer}`
[INFO] [stdout]     |                                                                             help: remove the extra argument
[INFO] [stdout]     |
[INFO] [stdout] note: associated function defined here
[INFO] [stdout]    --> src/index/mod.rs:17:12
[INFO] [stdout]     |
[INFO] [stdout] 17  |     pub fn new(file_id: u32, offset: u32) -> Self {
[INFO] [stdout]     |            ^^^ ------------  -----------
[INFO] [stdout] 
[INFO] [stdout] 
[INFO] [stdout] error[E0061]: this function takes 2 arguments but 3 arguments were supplied
[INFO] [stdout]    --> src/index/parallel_index.rs:103:55
[INFO] [stdout]     |
[INFO] [stdout] 103 |             assert_eq!(index.push(&String::from("3"), DataPosition::new(4, 4, 4)).await, true);
[INFO] [stdout]     |                                                       ^^^^^^^^^^^^^^^^^     ---
[INFO] [stdout]     |                                                                             | |
[INFO] [stdout]     |                                                                             | unexpected argument of type `{integer}`
[INFO] [stdout]     |                                                                             help: remove the extra argument
[INFO] [stdout]     |
[INFO] [stdout] note: associated function defined here
[INFO] [stdout]    --> src/index/mod.rs:17:12
[INFO] [stdout]     |
[INFO] [stdout] 17  |     pub fn new(file_id: u32, offset: u32) -> Self {
[INFO] [stdout]     |            ^^^ ------------  -----------
[INFO] [stdout] 
[INFO] [stdout] 
[INFO] [stdout] error[E0061]: this function takes 2 arguments but 3 arguments were supplied
[INFO] [stdout]    --> src/index/parallel_index.rs:105:74
[INFO] [stdout]     |
[INFO] [stdout] 105 |             assert_eq!(index.find(&String::from("1")).await, (true, Some(DataPosition::new(3, 3, 3))));
[INFO] [stdout]     |                                                                          ^^^^^^^^^^^^^^^^^     ---
[INFO] [stdout]     |                                                                                                | |
[INFO] [stdout]     |                                                                                                | unexpected argument of type `{integer}`
[INFO] [stdout]     |                                                                                                help: remove the extra argument
[INFO] [stdout]     |
[INFO] [stdout] note: associated function defined here
[INFO] [stdout]    --> src/index/mod.rs:17:12
[INFO] [stdout]     |
[INFO] [stdout] 17  |     pub fn new(file_id: u32, offset: u32) -> Self {
[INFO] [stdout]     |            ^^^ ------------  -----------
[INFO] [stdout] 
[INFO] [stdout] 
[INFO] [stdout] error[E0061]: this function takes 2 arguments but 3 arguments were supplied
[INFO] [stdout]    --> src/index/dynamic_index.rs:222:40
[INFO] [stdout]     |
[INFO] [stdout] 222 |             index.push(&i.to_string(), DataPosition::new(i as u32, i as u32, i as u32)).await;
[INFO] [stdout]     |                                        ^^^^^^^^^^^^^^^^^                   ----------
[INFO] [stdout]     |                                                                            | |
[INFO] [stdout]     |                                                                            | unexpected argument of type `u32`
[INFO] [stdout]     |                                                                            help: remove the extra argument
[INFO] [stdout]     |
[INFO] [stdout] note: associated function defined here
[INFO] [stdout]    --> src/index/mod.rs:17:12
[INFO] [stdout]     |
[INFO] [stdout] 17  |     pub fn new(file_id: u32, offset: u32) -> Self {
[INFO] [stdout]     |            ^^^ ------------  -----------
[INFO] [stdout] 
[INFO] [stdout] 
[INFO] [stdout] error[E0061]: this function takes 2 arguments but 3 arguments were supplied
[INFO] [stdout]    --> src/index/dynamic_index.rs:226:63
[INFO] [stdout]     |
[INFO] [stdout] 226 |         assert_eq!(index.find(&String::from("1")).await, Some(DataPosition::new(1, 1, 1)));
[INFO] [stdout]     |                                                               ^^^^^^^^^^^^^^^^^     ---
[INFO] [stdout]     |                                                                                     | |
[INFO] [stdout]     |                                                                                     | unexpected argument of type `{integer}`
[INFO] [stdout]     |                                                                                     help: remove the extra argument
[INFO] [stdout]     |
[INFO] [stdout] note: associated function defined here
[INFO] [stdout]    --> src/index/mod.rs:17:12
[INFO] [stdout]     |
[INFO] [stdout] 17  |     pub fn new(file_id: u32, offset: u32) -> Self {
[INFO] [stdout]     |            ^^^ ------------  -----------
[INFO] [stdout] 
[INFO] [stdout] 
[INFO] [stdout] error[E0061]: this function takes 2 arguments but 3 arguments were supplied
[INFO] [stdout]    --> src/index/dynamic_index.rs:227:63
[INFO] [stdout]     |
[INFO] [stdout] 227 |         assert_eq!(index.find(&String::from("8")).await, Some(DataPosition::new(8, 8, 8)));
[INFO] [stdout]     |                                                               ^^^^^^^^^^^^^^^^^     ---
[INFO] [stdout]     |                                                                                     | |
[INFO] [stdout]     |                                                                                     | unexpected argument of type `{integer}`
[INFO] [stdout]     |                                                                                     help: remove the extra argument
[INFO] [stdout]     |
[INFO] [stdout] note: associated function defined here
[INFO] [stdout]    --> src/index/mod.rs:17:12
[INFO] [stdout]     |
[INFO] [stdout] 17  |     pub fn new(file_id: u32, offset: u32) -> Self {
[INFO] [stdout]     |            ^^^ ------------  -----------
[INFO] [stdout] 
[INFO] [stdout] 
[INFO] [stdout] error: aborting due to 13 previous errors; 12 warnings emitted
[INFO] [stdout] 
[INFO] [stdout] 
[INFO] [stdout] For more information about this error, try `rustc --explain E0061`.
[INFO] [stdout] 
[INFO] [stderr] error: could not compile `learn-db` (bin "learn-db" test) due to 14 previous errors; 12 warnings emitted
[INFO] [stderr] warning: build failed, waiting for other jobs to finish...
[INFO] [stdout] warning: method `del` is never used
[INFO] [stdout]   --> src/index/linked_hash_set.rs:65:12
[INFO] [stdout]    |
[INFO] [stdout] 10 | impl LinkedHashSet {
[INFO] [stdout]    | ------------------ method in this implementation
[INFO] [stdout] ...
[INFO] [stdout] 65 |     pub fn del(&mut self, key: &String) -> u8 {
[INFO] [stdout]    |            ^^^
[INFO] [stdout]    |
[INFO] [stdout]    = note: `#[warn(dead_code)]` on by default
[INFO] [stdout] 
[INFO] [stdout] 
[INFO] [stdout] warning: method `del` is never used
[INFO] [stdout]   --> src/index/parallel_index.rs:60:18
[INFO] [stdout]    |
[INFO] [stdout] 17 | impl ParallelIndex {
[INFO] [stdout]    | ------------------ method in this implementation
[INFO] [stdout] ...
[INFO] [stdout] 60 |     pub async fn del(&self, key: &String) -> bool {
[INFO] [stdout]    |                  ^^^
[INFO] [stdout] 
[INFO] [stdout] 
[INFO] [stdout] warning: methods `del` and `size` are never used
[INFO] [stdout]    --> src/index/dynamic_index.rs:66:18
[INFO] [stdout]     |
[INFO] [stdout] 29  | impl DynamicParallelIndexWrapper {
[INFO] [stdout]     | -------------------------------- methods in this implementation
[INFO] [stdout] ...
[INFO] [stdout] 66  |     pub async fn del(&self, key: &String) {
[INFO] [stdout]     |                  ^^^
[INFO] [stdout] ...
[INFO] [stdout] 118 |     pub async fn size(&self) -> u64 {
[INFO] [stdout]     |                  ^^^^
[INFO] [stdout] 
[INFO] [stdout] 
[INFO] [stdout] warning: associated function `new` is never used
[INFO] [stdout]   --> src/custom_err.rs:23:12
[INFO] [stdout]    |
[INFO] [stdout] 22 | impl CustomError {
[INFO] [stdout]    | ---------------- associated function in this implementation
[INFO] [stdout] 23 |     pub fn new(e: Box<dyn Error>) -> CustomError {
[INFO] [stdout]    |            ^^^
[INFO] [stdout] 
[INFO] [stdout] 
[INFO] [stdout] warning: function `get_tmp_index_file_name` is never used
[INFO] [stdout]   --> src/store/mod.rs:42:8
[INFO] [stdout]    |
[INFO] [stdout] 42 | pub fn get_tmp_index_file_name(id: u32, dir: &String) -> String {
[INFO] [stdout]    |        ^^^^^^^^^^^^^^^^^^^^^^^
[INFO] [stdout] 
[INFO] [stdout] 
[INFO] [stdout] warning: unused `Result` that must be used
[INFO] [stdout]   --> src/main.rs:86:5
[INFO] [stdout]    |
[INFO] [stdout] 86 |     dm.push(WriteEvent::new_simple_event(param)).await;
[INFO] [stdout]    |     ^^^^^^^^^^^^^^^^^^^^^^^^^^^^^^^^^^^^^^^^^^^^^^^^^^
[INFO] [stdout]    |
[INFO] [stdout]    = note: this `Result` may be an `Err` variant, which should be handled
[INFO] [stdout]    = note: `#[warn(unused_must_use)]` on by default
[INFO] [stdout] help: use `let _ = ...` to ignore the resulting value
[INFO] [stdout]    |
[INFO] [stdout] 86 |     let _ = dm.push(WriteEvent::new_simple_event(param)).await;
[INFO] [stdout]    |     +++++++
[INFO] [stdout] 
[INFO] [stdout] 
[INFO] [stdout] warning: unused `Result` that must be used
[INFO] [stdout]   --> src/main.rs:94:5
[INFO] [stdout]    |
[INFO] [stdout] 94 |     dm.push(WriteEvent::new_callback_event(param, None, tx)).await;
[INFO] [stdout]    |     ^^^^^^^^^^^^^^^^^^^^^^^^^^^^^^^^^^^^^^^^^^^^^^^^^^^^^^^^^^^^^^
[INFO] [stdout]    |
[INFO] [stdout]    = note: this `Result` may be an `Err` variant, which should be handled
[INFO] [stdout] help: use `let _ = ...` to ignore the resulting value
[INFO] [stdout]    |
[INFO] [stdout] 94 |     let _ = dm.push(WriteEvent::new_callback_event(param, None, tx)).await;
[INFO] [stdout]    |     +++++++
[INFO] [stdout] 
[INFO] [stdout] 
[INFO] [stdout] warning: unused `Result` that must be used
[INFO] [stdout]   --> src/store/mod.rs:87:5
[INFO] [stdout]    |
[INFO] [stdout] 87 |     file.seek(SeekFrom::Start(dp.offset as u64)).await;
[INFO] [stdout]    |     ^^^^^^^^^^^^^^^^^^^^^^^^^^^^^^^^^^^^^^^^^^^^^^^^^^
[INFO] [stdout]    |
[INFO] [stdout]    = note: this `Result` may be an `Err` variant, which should be handled
[INFO] [stdout] help: use `let _ = ...` to ignore the resulting value
[INFO] [stdout]    |
[INFO] [stdout] 87 |     let _ = file.seek(SeekFrom::Start(dp.offset as u64)).await;
[INFO] [stdout]    |     +++++++
[INFO] [stdout] 
[INFO] [stdout] 
[INFO] [stdout] warning: unused `Result` that must be used
[INFO] [stdout]   --> src/store/mod.rs:97:5
[INFO] [stdout]    |
[INFO] [stdout] 97 |     file.read(&mut buffer[..]).await;
[INFO] [stdout]    |     ^^^^^^^^^^^^^^^^^^^^^^^^^^^^^^^^
[INFO] [stdout]    |
[INFO] [stdout]    = note: this `Result` may be an `Err` variant, which should be handled
[INFO] [stdout] help: use `let _ = ...` to ignore the resulting value
[INFO] [stdout]    |
[INFO] [stdout] 97 |     let _ = file.read(&mut buffer[..]).await;
[INFO] [stdout]    |     +++++++
[INFO] [stdout] 
[INFO] [stdout] 
[INFO] [stdout] warning: unused `Result` that must be used
[INFO] [stdout]   --> src/store/write_consumer.rs:57:17
[INFO] [stdout]    |
[INFO] [stdout] 57 |                 data_file.append(vec, &index).await;
[INFO] [stdout]    |                 ^^^^^^^^^^^^^^^^^^^^^^^^^^^^^^^^^^^
[INFO] [stdout]    |
[INFO] [stdout]    = note: this `Result` may be an `Err` variant, which should be handled
[INFO] [stdout] help: use `let _ = ...` to ignore the resulting value
[INFO] [stdout]    |
[INFO] [stdout] 57 |                 let _ = data_file.append(vec, &index).await;
[INFO] [stdout]    |                 +++++++
[INFO] [stdout] 
[INFO] [stdout] 
[INFO] [stdout] warning: unused `Result` that must be used
[INFO] [stdout]    --> src/store/write_consumer.rs:168:13
[INFO] [stdout]     |
[INFO] [stdout] 168 |             callback.send(());
[INFO] [stdout]     |             ^^^^^^^^^^^^^^^^^
[INFO] [stdout]     |
[INFO] [stdout]     = note: this `Result` may be an `Err` variant, which should be handled
[INFO] [stdout] help: use `let _ = ...` to ignore the resulting value
[INFO] [stdout]     |
[INFO] [stdout] 168 |             let _ = callback.send(());
[INFO] [stdout]     |             +++++++
[INFO] [stdout] 
[INFO] [stdout] 
[INFO] [stdout] warning: unused `Result` that must be used
[INFO] [stdout]   --> src/store/compression_task.rs:57:29
[INFO] [stdout]    |
[INFO] [stdout] 57 | / ...                   dm.push(WriteEvent::new_compare_event(item, DataPosition::new(
[INFO] [stdout] 58 | | ...                       file_id, pos,
[INFO] [stdout] 59 | | ...                   ))).await;
[INFO] [stdout]    | |_______________________________^
[INFO] [stdout]    |
[INFO] [stdout]    = note: this `Result` may be an `Err` variant, which should be handled
[INFO] [stdout] help: use `let _ = ...` to ignore the resulting value
[INFO] [stdout]    |
[INFO] [stdout] 57 |                             let _ = dm.push(WriteEvent::new_compare_event(item, DataPosition::new(
[INFO] [stdout]    |                             +++++++
[INFO] [stdout] 
[INFO] [stdout] 
[INFO] [stdout] warning: unused `Result` that must be used
[INFO] [stdout]   --> src/store/compression_task.rs:66:29
[INFO] [stdout]    |
[INFO] [stdout] 66 | / ...                   dm.push(WriteEvent::new_callback_event(item, Some(DataPosition::new(
[INFO] [stdout] 67 | | ...                       file_id, 0,
[INFO] [stdout] 68 | | ...                   )), tx)).await;
[INFO] [stdout]    | |____________________________________^
[INFO] [stdout]    |
[INFO] [stdout]    = note: this `Result` may be an `Err` variant, which should be handled
[INFO] [stdout] help: use `let _ = ...` to ignore the resulting value
[INFO] [stdout]    |
[INFO] [stdout] 66 |                             let _ = dm.push(WriteEvent::new_callback_event(item, Some(DataPosition::new(
[INFO] [stdout]    |                             +++++++
[INFO] [stdout] 
[INFO] [stdout] 
[INFO] [stdout] warning: unused `Result` that must be used
[INFO] [stdout]   --> src/store/compression_task.rs:69:29
[INFO] [stdout]    |
[INFO] [stdout] 69 | ...                   rx.await;
[INFO] [stdout]    |                       ^^^^^^^^
[INFO] [stdout]    |
[INFO] [stdout]    = note: this `Result` may be an `Err` variant, which should be handled
[INFO] [stdout] help: use `let _ = ...` to ignore the resulting value
[INFO] [stdout]    |
[INFO] [stdout] 69 |                             let _ = rx.await;
[INFO] [stdout]    |                             +++++++
[INFO] [stdout] 
[INFO] [stdout] 
[INFO] [stdout] warning: unused `Result` that must be used
[INFO] [stdout]   --> src/store/compression_task.rs:72:21
[INFO] [stdout]    |
[INFO] [stdout] 72 |                     std::fs::remove_file(Path::new(&file_name));
[INFO] [stdout]    |                     ^^^^^^^^^^^^^^^^^^^^^^^^^^^^^^^^^^^^^^^^^^^
[INFO] [stdout]    |
[INFO] [stdout]    = note: this `Result` may be an `Err` variant, which should be handled
[INFO] [stdout] help: use `let _ = ...` to ignore the resulting value
[INFO] [stdout]    |
[INFO] [stdout] 72 |                     let _ = std::fs::remove_file(Path::new(&file_name));
[INFO] [stdout]    |                     +++++++
[INFO] [stdout] 
[INFO] [stdout] 
[INFO] [stdout] warning: unused `Result` that must be used
[INFO] [stdout]   --> src/store/compression_task.rs:73:21
[INFO] [stdout]    |
[INFO] [stdout] 73 |                     std::fs::remove_file(Path::new(&get_index_file_name(file_id, &cnf.workspace)));
[INFO] [stdout]    |                     ^^^^^^^^^^^^^^^^^^^^^^^^^^^^^^^^^^^^^^^^^^^^^^^^^^^^^^^^^^^^^^^^^^^^^^^^^^^^^^
[INFO] [stdout]    |
[INFO] [stdout]    = note: this `Result` may be an `Err` variant, which should be handled
[INFO] [stdout] help: use `let _ = ...` to ignore the resulting value
[INFO] [stdout]    |
[INFO] [stdout] 73 |                     let _ = std::fs::remove_file(Path::new(&get_index_file_name(file_id, &cnf.workspace)));
[INFO] [stdout]    |                     +++++++
[INFO] [stdout] 
[INFO] [stdout] 
[INFO] [stdout] warning: unused `Result` that must be used
[INFO] [stdout]    --> src/store/compression_task.rs:116:9
[INFO] [stdout]     |
[INFO] [stdout] 116 |         index_file.write_u32(key.len() as u32).await;
[INFO] [stdout]     |         ^^^^^^^^^^^^^^^^^^^^^^^^^^^^^^^^^^^^^^^^^^^^
[INFO] [stdout]     |
[INFO] [stdout]     = note: this `Result` may be an `Err` variant, which should be handled
[INFO] [stdout] help: use `let _ = ...` to ignore the resulting value
[INFO] [stdout]     |
[INFO] [stdout] 116 |         let _ = index_file.write_u32(key.len() as u32).await;
[INFO] [stdout]     |         +++++++
[INFO] [stdout] 
[INFO] [stdout] 
[INFO] [stdout] warning: unused `Result` that must be used
[INFO] [stdout]    --> src/store/compression_task.rs:117:9
[INFO] [stdout]     |
[INFO] [stdout] 117 |         index_file.write(key).await;
[INFO] [stdout]     |         ^^^^^^^^^^^^^^^^^^^^^^^^^^^
[INFO] [stdout]     |
[INFO] [stdout]     = note: this `Result` may be an `Err` variant, which should be handled
[INFO] [stdout] help: use `let _ = ...` to ignore the resulting value
[INFO] [stdout]     |
[INFO] [stdout] 117 |         let _ = index_file.write(key).await;
[INFO] [stdout]     |         +++++++
[INFO] [stdout] 
[INFO] [stdout] 
[INFO] [stdout] warning: unused `Result` that must be used
[INFO] [stdout]    --> src/store/compression_task.rs:118:9
[INFO] [stdout]     |
[INFO] [stdout] 118 |         index_file.write_u32(pos).await;
[INFO] [stdout]     |         ^^^^^^^^^^^^^^^^^^^^^^^^^^^^^^^
[INFO] [stdout]     |
[INFO] [stdout]     = note: this `Result` may be an `Err` variant, which should be handled
[INFO] [stdout] help: use `let _ = ...` to ignore the resulting value
[INFO] [stdout]     |
[INFO] [stdout] 118 |         let _ = index_file.write_u32(pos).await;
[INFO] [stdout]     |         +++++++
[INFO] [stdout] 
[INFO] [stdout] 
[INFO] [stdout] warning: unused `Result` that must be used
[INFO] [stdout]    --> src/store/compression_task.rs:122:5
[INFO] [stdout]     |
[INFO] [stdout] 122 |     index_file.sync_data().await;
[INFO] [stdout]     |     ^^^^^^^^^^^^^^^^^^^^^^^^^^^^
[INFO] [stdout]     |
[INFO] [stdout]     = note: this `Result` may be an `Err` variant, which should be handled
[INFO] [stdout] help: use `let _ = ...` to ignore the resulting value
[INFO] [stdout]     |
[INFO] [stdout] 122 |     let _ = index_file.sync_data().await;
[INFO] [stdout]     |     +++++++
[INFO] [stdout] 
[INFO] [stdout] 
[INFO] [stdout] warning: unused `Result` that must be used
[INFO] [stdout]    --> src/store/compression_task.rs:124:5
[INFO] [stdout]     |
[INFO] [stdout] 124 |     std::fs::rename(tmp_index_path, index_path);
[INFO] [stdout]     |     ^^^^^^^^^^^^^^^^^^^^^^^^^^^^^^^^^^^^^^^^^^^
[INFO] [stdout]     |
[INFO] [stdout]     = note: this `Result` may be an `Err` variant, which should be handled
[INFO] [stdout] help: use `let _ = ...` to ignore the resulting value
[INFO] [stdout]     |
[INFO] [stdout] 124 |     let _ = std::fs::rename(tmp_index_path, index_path);
[INFO] [stdout]     |     +++++++
[INFO] [stdout] 
[INFO] [stdout] 
[INFO] [stdout] warning: 33 warnings emitted
[INFO] [stdout] 
[INFO] [stdout] 
[INFO] running `Command { std: "docker" "inspect" "e4b80b7a935dfbb0dddef6fa4ce2f28efd76b92f3710e6093429ca080d816149", kill_on_drop: false }`
[INFO] running `Command { std: "docker" "rm" "-f" "e4b80b7a935dfbb0dddef6fa4ce2f28efd76b92f3710e6093429ca080d816149", kill_on_drop: false }`
[INFO] [stdout] e4b80b7a935dfbb0dddef6fa4ce2f28efd76b92f3710e6093429ca080d816149
